 What is the hundreds digit of a?
8
Let c(q) = q**2 + 6*q - 13. Let u be c(-8). Suppose t + 1 + 1 = -y, 0 = 4*t + u*y + 8. What is the tens digit of (-7 + 6)*38*t?
7
Let a be 24/(-4)*(5/3 + -2). Suppose a*j = 8, 5*q + 4*j - 603 = 728. What is the hundreds digit of q?
2
Let d(s) = -419*s + 6098. What is the tens digit of d(-109)?
6
Let c = -11 + 9. Let x be c + 1 - 7*-8. Suppose 0 = -p - x + 153. What is the tens digit of p?
9
Let g(q) be the first derivative of -153*q**2/2 - 24*q + 66. What is the hundreds digit of g(-3)?
4
Suppose 2*l - 3*n = 3*l - 59, 4*l - 3*n = 176. Suppose -l*x - 8 = -51*x. Suppose x*w + 4*u - 139 = 35, 3*w - 5*u - 239 = 0. What is the units digit of w?
3
Let d be 2/(-2)*138/30*5. Let j(r) = -r**3 - 22*r**2 + 14*r - 24. Let f be j(d). Let h = -62 + f. What is the units digit of h?
1
Suppose 40881 + 4191 = 6*m. What is the tens digit of m?
1
Let b(a) = 22*a - 32. Let g be b(14). Let x = g + -127. What is the hundreds digit of x?
1
Suppose -188 - 22 = 5*m. Let l be (56/m)/(1/3). What is the tens digit of 2/l + 354/4 - 3?
8
Let s be (-18)/(-42) - 18/21*-10. Suppose -467 - 6076 = -s*i. What is the tens digit of i?
2
Let v(u) = 2*u**2 - 10*u + 11. Let n be v(4). Suppose n*o = 2*m + 1512, 2*m + 511 = o - m. What is the units digit of o?
2
Suppose -6*j + 9*j = -5*w + 38860, 25904 = 2*j + 2*w. What is the tens digit of j?
5
Let h = -40 + 43. Suppose 0 = -h*q + 12 - 3. Suppose 5*v + z = q*z + 280, -z + 295 = 5*v. What is the tens digit of v?
5
Let u(h) = h**3 + 18*h**2 + 46*h + 22. Let x be u(-15). Suppose x*s - 261 = 327. What is the units digit of s?
4
Suppose -8*v + 31474 = -7*v - 16*r, -4*r + 31494 = v. What is the units digit of v?
0
Suppose x = -2*y + 6*x - 37, 4*x + 25 = -y. Let o = -19 - y. What is the tens digit of (o/(6/(-19)))/(12/(-108))?
5
Let s = 8685 - -1644. What is the units digit of s?
9
Let u(c) = 34*c - 3. Suppose 3*x + i = 16, 2*i = x + i. Suppose -x*z + 15 = 7. What is the tens digit of u(z)?
6
Suppose 202*u = 204*u + 16, -m + u = -3663. What is the thousands digit of m?
3
Suppose 2 = t - 2. Suppose 4*y - 68 = w + 635, -t*y + 5*w = -715. Let q = -87 + y. What is the units digit of q?
8
Let c(u) = 39. Let l(m) = m - 79. Let y(d) = 7*c(d) + 3*l(d). Let k be y(-12). What is the tens digit of 8*10/(2 + k)?
4
Let f(t) = -t**2 - 3*t + 7. Let c be f(-4). Suppose -5*z + 9075 = 5*q, -c*z = -28 + 22. What is the thousands digit of q?
1
Let f = -28030 - -47104. What is the tens digit of f?
7
Let w be ((-5178)/8)/(132/(-176)). Suppose -10*f = -537 - w. What is the units digit of f?
0
Let k = 19809 + 7838. What is the hundreds digit of k?
6
Suppose -184*f - 181*f = -357*f - 102864. What is the units digit of f?
8
What is the thousands digit of 334054/(-105)*3*-5?
7
Let i(x) = 3055*x - 13795. What is the tens digit of i(26)?
3
Let y(l) = -42*l - 181. Let d be (-20)/(-25)*5*66/(-12). What is the tens digit of y(d)?
4
Let c(a) = 4 + 4*a**2 - 5*a**2 + 0*a**2 + 3. Let h be c(0). What is the hundreds digit of (122/h)/(1/7)?
1
Let f(t) = -t**3 - 14*t**2 - 28*t. Let s(w) = -w**3 - 11*w**2 - 11*w - 24. Let i be s(-10). What is the units digit of f(i)?
2
Suppose -18*f + 16*f = 0. Suppose -18*o + 4*o + 14574 = f. What is the tens digit of o?
4
Suppose d = -2*d + 2*f + 18, 3*d - 3*f - 21 = 0. Let s be (3/d)/((-6)/(-120)). What is the hundreds digit of 6*((-10)/s)/((-12)/315)?
1
Let y(b) = b + 8. Let h be y(-4). Suppose 0 = -z + 28 + h. Let g = z + -15. What is the units digit of g?
7
Suppose 11*j + 4260 = 14*j + 9*t, 4*j - 5698 = -3*t. What is the tens digit of j?
2
Let l(p) = -12*p**2 - 10*p - 3. Let y be l(-6). Let r = y + 766. What is the units digit of r?
1
Suppose 6 = 3*b, 6 + 0 = -l + 4*b. Suppose l*q + 0*q + j = 323, -4*q + 5*j + 653 = 0. What is the hundreds digit of q?
1
Let b(f) = f**3 + 12*f**2 - 3. Let s be b(-12). Let h = 58 + s. Suppose h = -2*w + 7*w. What is the tens digit of w?
1
Suppose -33*c = -195399 - 28539. What is the hundreds digit of c?
7
What is the thousands digit of (3474/8 + -1)/(-8 + 5995/748)?
9
Let b be (-1 - 2906/4)*(-60)/45. Suppose 60*x + b = 55*x. What is the units digit of (-5 + 2 - -6)*x/(-3)?
4
Suppose 3*v - 6 = -3*g + 36, -2*g = -4. Suppose -5*t = 6*f - 2*f - 28, 0 = -2*t - 5*f + 18. What is the tens digit of (633/9)/1 - t/v?
7
Let q = 2727 + -1557. Let r = 1953 - q. What is the hundreds digit of r?
7
Suppose -32*s + 26*s + 36 = 0. Let y(f) = 15*f**2 - 2*f - 38. What is the tens digit of y(s)?
9
Let g be (-640)/(-25)*(-45)/(-18). Suppose a = 2*f - 8 + 32, -3*a = 2*f - g. What is the units digit of a?
2
Let b be (-2 + 8)*106/(-3) - 2. Let s = -38 - b. What is the hundreds digit of s?
1
Suppose 5*u + 2*g = 13, 0 = 2*u - 0*g - 3*g - 9. Let i be u/(54/2884) + (-32)/144. Let t = i - 86. What is the tens digit of t?
7
Let d(j) be the second derivative of 73*j**4/3 + j**3/3 - j**2 - 71*j. What is the tens digit of d(1)?
9
Let g be (-3 - (-12)/4) + -146. Let w = g + 276. Let s = w + -89. What is the tens digit of s?
4
Suppose -872*d + 123860 = -852*d. What is the hundreds digit of d?
1
Suppose 4*l - 110 = z + 2*l, z = -2*l - 114. Let t = z - -390. What is the hundreds digit of t?
2
Suppose 0 = -7*s - 3*s - s. Suppose s = 2*q + q - 1494. What is the tens digit of q?
9
Suppose -4*q - 267 = 2*m - 5131, -5*q = 4*m - 9731. Let s = -1475 + m. What is the units digit of s?
9
Let v(f) = 47*f**2 + 2*f - 12. Let r = -119 - -114. Let o be v(r). Suppose 0 = -3*j - d + 692, -j = 4*j + 2*d - o. What is the hundreds digit of j?
2
Let q(k) = -k**2 - 6*k - 8. Let z be q(-5). Suppose x + 90 + 1 = 0. What is the tens digit of (x - 0)/(z/3)?
9
Let l(j) = -2*j**3 - 314*j**2 + 227*j + 660. What is the units digit of l(-159)?
1
Let m(k) be the second derivative of 5*k**3/2 + 31*k**2/2 - 22*k - 3. What is the units digit of m(11)?
6
Suppose -30*h - 146912 = -4*w - 28*h, -73496 = -2*w - 4*h. What is the tens digit of w?
3
Let x(u) = 2*u**3 + 89*u**2 + 47*u + 28. What is the hundreds digit of x(-31)?
5
Let s = -16923 - -57501. What is the hundreds digit of s?
5
Let p be (-8 - (12 - 327))*(56 - 1). Suppose p = 9*j + 2*j. What is the hundreds digit of j?
5
Let g = 645 + -280. Let q = -165 + g. What is the hundreds digit of q?
2
Let h = 16849 - 1314. What is the thousands digit of h?
5
Let m = 15673 + -2253. What is the thousands digit of m?
3
Let w be 4 - (4 - 3*38/3). Suppose 0 = 18*u - 560 + w. What is the tens digit of u?
2
Let k be (-146)/(-7) + (-9)/(-63). Let a = 12 - k. Let t(w) = -6*w - 20. What is the units digit of t(a)?
4
Suppose -3*g + 26708 = 46*q - 42*q, 2*g - 3*q - 17794 = 0. What is the hundreds digit of g?
9
Let h(c) = c**3 + 17*c**2 - 20*c - 25. Let z(j) = -3*j**3 - 51*j**2 + 59*j + 75. Let f(u) = -8*h(u) - 3*z(u). What is the tens digit of f(-16)?
0
Suppose 11419 + 1541 = 10*v. Let d = v + -738. What is the units digit of d?
8
Suppose 2*f - 5*n = 2430, -n + 2810 = 5*f - 3238. Let g = f + -170. What is the units digit of g?
0
Suppose 0 = 2*w - 2*s - 216, 6*s = 5*w + 3*s - 530. Let k = 234 - w. Let y = 218 - k. What is the tens digit of y?
8
Let k(y) = 5*y**2 - 5*y. Suppose -3*r = -4*a + 4, 2 = a + 5*r - 22. Let z(g) = 6*g**2 - 4*g + 1. Let x(w) = a*k(w) - 3*z(w). What is the units digit of x(8)?
1
Let y = 26718 - 10866. What is the hundreds digit of y?
8
Let q = 2392 - 1578. What is the tens digit of q?
1
Let t = -7010 - -12664. What is the hundreds digit of t?
6
Let o be ((-8)/(-3))/(4*(-3)/108). Let k = o + 41. Suppose -k = -z - 3*i, -4*z + 78 = -2*i + 4*i. What is the units digit of z?
0
Let t(o) = 715*o**3 + 4*o**2 - 3*o. Suppose 0 = -119*q + 124*q - 5. What is the hundreds digit of t(q)?
7
Let k = 61 + -58. Let p(j) = -5*j + k*j**2 - 2 + 0*j - 1. What is the units digit of p(4)?
5
Suppose -154 - 181 = -5*g. Let w = g - -176. What is the tens digit of w?
4
Let k = -13741 - -26631. What is the thousands digit of k?
2
Let y = 28796 - 10128. What is the tens digit of y?
6
Let o = 793 - 475. Suppose -2*q + 3*y + 1609 = 0, 3*q - o - 2086 = -5*y. What is the hundreds digit of q?
8
Let a = -18 - -50. Suppose 0 = 4*c - a + 16. Suppose -2*w + 1110 = c*w. What is the tens digit of w?
8
Let m(k) = -2*k**3 - 10*k**2 - k + 2. Let h be m(-5). What is the units digit of 656/h - ((-24)/42)/2?
4
What is the tens digit o